{"id":57,"date":"2019-11-22T15:38:13","date_gmt":"2019-11-22T14:38:13","guid":{"rendered":"https:\/\/utds.leyeti.be\/index.php\/programme\/"},"modified":"2025-06-20T11:17:20","modified_gmt":"2025-06-20T09:17:20","slug":"programme","status":"publish","type":"page","link":"https:\/\/utds.leyeti.be\/index.php\/programme\/","title":{"rendered":"Programme"},"content":{"rendered":"\r\n<h1 class=\"wp-block-heading\">Programme<\/h1>\r\n\r\n\r\n\r\n<div style=\"height:30px\" aria-hidden=\"true\" class=\"wp-block-spacer\"><\/div>\r\n\r\n\r\n\r\n<h3 class=\"wp-block-heading\"> Samedi 09\/08\/2025<\/h3>\r\n\r\n\r\n\r\n<p><strong>Centre ville de Trois-Ponts<\/strong><br>Centre culturel rue Traverse, 4980 Trois-Ponts (Belgique)<\/p>\r\n\r\n\r\n\r\n<ul class=\"wp-block-list\"><li>08.00 - Retrait des dossards pour le 42K<\/li><li>09.00 - D\u00e9part des navettes vers La Chefna (42K)<\/li><\/ul>\r\n\r\n\r\n\r\n<p><strong>La Chefna <\/strong>\u00e0 4987 Stoumont (Belgique)<\/p>\r\n\r\n\r\n\r\n<ul class=\"wp-block-list\"><li>09.45 - Briefing course 42 km<\/li><li>10.00 - D\u00e9part de la course 42km<\/li><\/ul>\r\n\r\n\r\n\r\n<p><strong>Pendant la journ\u00e9e au centre culturel de Trois-Ponts <\/strong><br>Centre culturel rue Traverse, 4980 Trois-Ponts (Belgique)<\/p>\r\n\r\n\r\n\r\n<ul class=\"wp-block-list\"><li>08.00 - Ouverture PC course<\/li><li>10.00 - Animations pour accompagnants<\/li><li>11.00 - Ouverture inscription 18km<\/li><li>12.45 - D\u00e9part 18 km<\/li><li>15.30 - Podium course Solo 42km<\/li><li>18.00 - Cl\u00f4ture des arriv\u00e9es<\/li><\/ul>\r\n\r\n\r\n\r\n<div style=\"height:30px\" aria-hidden=\"true\" class=\"wp-block-spacer\"><\/div>\r\n","protected":false},"excerpt":{"rendered":"<p>Programme Samedi 09\/08\/2025 Centre ville de Trois-PontsCentre culturel rue Traverse, 4980 Trois-Ponts (Belgique) 08.00 &#8211; Retrait des dossards pour le 42K 09.00 &#8211; D\u00e9part des navettes vers La Chefna (42K) La Chefna \u00e0 4987 Stoumont (Belgique) 09.45 &#8211; Briefing course 42 km 10.00 &#8211; D\u00e9part de la course 42km Pendant la journ\u00e9e au centre culturel [&hellip;]<\/p>\n","protected":false},"author":1,"featured_media":0,"parent":0,"menu_order":0,"comment_status":"closed","ping_status":"closed","template":"","meta":{"footnotes":""},"class_list":["post-57","page","type-page","status-publish","hentry"],"_links":{"self":[{"href":"https:\/\/utds.leyeti.be\/index.php\/wp-json\/wp\/v2\/pages\/57","targetHints":{"allow":["GET"]}}],"collection":[{"href":"https:\/\/utds.leyeti.be\/index.php\/wp-json\/wp\/v2\/pages"}],"about":[{"href":"https:\/\/utds.leyeti.be\/index.php\/wp-json\/wp\/v2\/types\/page"}],"author":[{"embeddable":true,"href":"https:\/\/utds.leyeti.be\/index.php\/wp-json\/wp\/v2\/users\/1"}],"replies":[{"embeddable":true,"href":"https:\/\/utds.leyeti.be\/index.php\/wp-json\/wp\/v2\/comments?post=57"}],"version-history":[{"count":0,"href":"https:\/\/utds.leyeti.be\/index.php\/wp-json\/wp\/v2\/pages\/57\/revisions"}],"wp:attachment":[{"href":"https:\/\/utds.leyeti.be\/index.php\/wp-json\/wp\/v2\/media?parent=57"}],"curies":[{"name":"wp","href":"https:\/\/api.w.org\/{rel}","templated":true}]}}