{"id":56,"date":"2019-11-22T14:45:47","date_gmt":"2019-11-22T13:45:47","guid":{"rendered":"https:\/\/utds.leyeti.be\/index.php\/ultratrail-80-km-en-solo-annule\/"},"modified":"2025-06-26T08:51:04","modified_gmt":"2025-06-26T06:51:04","slug":"ultratrail-80-km-en-solo-annule","status":"publish","type":"page","link":"https:\/\/utds.leyeti.be\/index.php\/ultratrail-80-km-en-solo-annule\/","title":{"rendered":"ULTRATRAIL 80 Km en solo &gt; Annul\u00e9"},"content":{"rendered":"\r\n<p><strong>L\u2019Ultra Trail des Sources (UTDS\u00ae)<\/strong> comprend une course solo de format marathon (42 KM et 1250 m D+), au d\u00e9part de la Chefna, certifi\u00e9e par l\u2019<strong>ITRA<\/strong>.<\/p>\r\n\r\n\r\n\r\n<p>Parcourant l\u2019Est de la Belgique, ce trac\u00e9 relie les 5 communes de la Province de Li\u00e8ge impliqu\u00e9es dans le r\u00e9seau <a rel=\"noreferrer noopener\" aria-label=\"%s (opens in a new tab)\" href=\"https:\/\/extratrail.com\" target=\"_blank\">EXTRATRAIL<\/a> (Spa, Stoumont, Theux &amp; Trois-Ponts).<\/p>\r\n\r\n\r\n\r\n<p>Cette course est d\u00e9di\u00e9e aux traileurs qui d\u00e9sirent se lancer dans un \u00ab ultra trail\u00bb sur un parcours en ligne unique en parcourant l\u2019une des plus belle r\u00e9gion de Wallonie.<\/p>\r\n\r\n\r\n\r\n<figure class=\"wp-block-image size-large\"><img decoding=\"async\" src=\"https:\/\/utds.leyeti.be\/wp-content\/uploads\/2019\/11\/jpmeurice-selection-course-503.jpg\" alt=\"\" class=\"wp-image-224\" data-entity-type=\"file\" data-entity-uuid=\"d4c1bfcf-00bc-4e5f-b069-13fb94083282\" data-image-style=\"original\"\/><\/figure>\r\n\r\n\r\n\r\n<p>Au programme: les grandes for\u00eats spadoises, le ch\u00e2teau m\u00e9di\u00e9val de Franchimont, les rives escarp\u00e9es du Ninglinspo et de la Chefna, les joyaux naturels de Stoumont, la vall\u00e9e de l'Ambl\u00e8ve.<\/p>\r\n\r\n\r\n\r\n<p>En participant \u00e0 l\u2019UTDS, vous b\u00e9n\u00e9ficiez d\u2019une s\u00e9lection des meilleurs des parcours de la r\u00e9gion avec une vari\u00e9t\u00e9 de paysages, de biotopes et de patrimoine (naturel et construit) r\u00e9ellement exceptionnelle.<\/p>\r\n\r\n\r\n\r\n\r\n\r\n<p>Cette comp\u00e9tition est organis\u00e9e sous la responsabilit\u00e9 de l\u2019Asbl EvoTrail avec l\u2019accord et le soutien de nos amis de l\u2019Asbl Extratrail.<\/p>\r\n\r\n\r\n\r\n<p>Celle-ci se veut \u00e9co-responsable et bas\u00e9 sur les valeurs \u00e9thiques et sportives du trail running qui nous animent toutes et tous.<\/p>\r\n\r\n\r\n\r\n<div class=\"wp-block-columns is-layout-flex wp-container-core-columns-is-layout-9d6595d7 wp-block-columns-is-layout-flex\">\r\n<div class=\"wp-block-column is-layout-flow wp-block-column-is-layout-flow\">\r\n<h2 class=\"wp-block-heading\" id=\"80\"><span class=\"color-primary\">ULTRATRAIL<\/span> 80 Km en solo &gt; Annul\u00e9<\/h2>\r\n\r\n\r\n\r\n<p>C'est avec grand regret que nous devons vous annoncer que cette course course n'aura pas lieu cette ann\u00e9e.<\/p>\r\n\r\n\r\n\r\n<p><\/p>\r\n\r\n\r\n\r\n<p><\/p>\r\n\r\n\r\n\r\n<div class=\"wp-block-columns is-layout-flex wp-container-core-columns-is-layout-9d6595d7 wp-block-columns-is-layout-flex\">\r\n<div class=\"wp-block-column is-layout-flow wp-block-column-is-layout-flow\">\r\n<p><a rel=\"noreferrer noopener\" aria-label=\"%s (opens in a new tab)\" class=\"button primary inscription\" href=\"https:\/\/prod.chronorace.be\/registration\/SelectActivity.aspx?eventId=2156889626476507&amp;lng=FR&amp;hash=hY8IeQvKS-xDuUMlDjNKWDwC2tw\" target=\"_blank\">Inscriptions<\/a><\/p>\r\n<\/div>\r\n\r\n\r\n\r\n<div class=\"wp-block-column is-layout-flow wp-block-column-is-layout-flow\">\r\n<p><a class=\"button primary inscription\" href=\"https:\/\/tracedetrail.fr\/fr\/trace\/285767\" target=\"_blank\" rel=\"noreferrer noopener\" aria-label=\"%s (opens in a new tab)\">Parcours<\/a><\/p>\r\n<\/div>\r\n\r\n\r\n\r\n<div class=\"wp-block-column is-layout-flow wp-block-column-is-layout-flow\">\r\n<p><a class=\"button primary inscription\" href=\"https:\/\/utds.be\/event\/sites\/default\/files\/utds_80k_2025.gpx\" target=\"_blank\" rel=\"noreferrer noopener\" aria-label=\"%s (opens in a new tab)\">GPX<\/a><\/p>\r\n<\/div>\r\n<\/div>\r\n<\/div>\r\n\r\n\r\n\r\n<div class=\"wp-block-column is-vertically-aligned-top colum-logo-top is-layout-flow wp-block-column-is-layout-flow\"><\/div>\r\n<\/div>\r\n\r\n\r\n\r\n<div class=\"wp-block-columns is-layout-flex wp-container-core-columns-is-layout-9d6595d7 wp-block-columns-is-layout-flex\">\r\n<div class=\"wp-block-column is-layout-flow wp-block-column-is-layout-flow\">\r\n<h2 class=\"wp-block-heading\" id=\"42\"><span class=\"color-primary\">TRAIL<\/span> 42 Km en solo<\/h2>\r\n\r\n\r\n\r\n<p>TRAIL en solo parcours au format marathon de 42 KM et 1250 m D+ reconnu par l\u2019<strong>ITRA<\/strong>.<\/p>\r\n\r\n\r\n\r\n<p>Un trac\u00e9 pour les amateurs de courtes distances qui vous am\u00e8ne \u00e0 traverser les plus beaux coins de la r\u00e9gion stoumontoise \u00e0 la d\u00e9couverte de ses milieux naturels pr\u00e9serv\u00e9s.<br>Une fa\u00e7on de se d\u00e9fier au travers d\u2019une course de plus de 42 km sur des terrains techniques et vari\u00e9s, peut-\u00eatre pour un premier maratrail ou tout simplement pour obtenir <strong>2 points ITRA <\/strong>n\u00e9cessaires dans votre pr\u00e9paration d\u2019objectifs plus importants.<\/p>\r\n\r\n\r\n\r\n<p>Le d\u00e9part de la Chefna sera donn\u00e9 \u00e0 10.00hrs et vous aurez 9h pour arriver \u00e0 Trois-Ponts au bout des 42 km de course.<\/p>\r\n\r\n\r\n\r\n<div class=\"wp-block-columns is-layout-flex wp-container-core-columns-is-layout-9d6595d7 wp-block-columns-is-layout-flex\">\r\n<div class=\"wp-block-column is-layout-flow wp-block-column-is-layout-flow\" style=\"flex-basis:33%\">\r\n<p><a rel=\"noreferrer noopener\" aria-label=\"%s (opens in a new tab)\" class=\"button primary inscription\" href=\"https:\/\/prod.chronorace.be\/registration\/SelectActivity.aspx?eventId=2156889626476507&amp;lng=FR&amp;hash=hY8IeQvKS-xDuUMlDjNKWDwC2tw\" target=\"_blank\">Inscriptions<\/a><\/p>\r\n<\/div>\r\n\r\n\r\n\r\n<div class=\"wp-block-column is-layout-flow wp-block-column-is-layout-flow\" style=\"flex-basis:33.5%\">\r\n<p><a class=\"button primary inscription\" href=\"https:\/\/tracedetrail.fr\/fr\/trace\/285763\" target=\"_blank\" rel=\"noreferrer noopener\" aria-label=\"%s (opens in a new tab)\">Parcours<\/a><\/p>\r\n<\/div>\r\n\r\n\r\n\r\n<div class=\"wp-block-column is-layout-flow wp-block-column-is-layout-flow\" style=\"flex-basis:33.5%\">\r\n<p><a class=\"button primary inscription\" href=\"https:\/\/utds.be\/event\/sites\/default\/files\/utds_42k_2025.gpx\" target=\"_blank\" rel=\"noreferrer noopener\" aria-label=\"%s (opens in a new tab)\">GPX<\/a><\/p>\r\n<\/div>\r\n<\/div>\r\n\r\n\r\n\r\n<p><\/p>\r\n<\/div>\r\n\r\n\r\n\r\n<div class=\"wp-block-column is-vertically-aligned-top colum-logo-top is-layout-flow wp-block-column-is-layout-flow\"><\/div>\r\n<\/div>\r\n\r\n\r\n\r\n<div class=\"wp-block-columns is-layout-flex wp-container-core-columns-is-layout-9d6595d7 wp-block-columns-is-layout-flex\">\r\n<div class=\"wp-block-column is-layout-flow wp-block-column-is-layout-flow\" style=\"flex-basis:50%\">\r\n<h2 class=\"wp-block-heading\" id=\"18\">TRAIL<span class=\"color-primary\"> 18<\/span> Km en solo<\/h2>\r\n\r\n\r\n\r\n<p>TRAIL en solo parcours au format marathon de 17,5 KM et 450 m D+ reconnu par l\u2019<strong>ITRA<\/strong>.<\/p>\r\n\r\n\r\n\r\n<p>Un trac\u00e9 pour les amateurs de tr\u00e8s courtes distances qui vous am\u00e8ne \u00e0 traverser les plus beaux coins de la r\u00e9gion de Trois-Ponts \u00e0 la d\u00e9couverte de ses milieux naturels pr\u00e9serv\u00e9s.<br>Une fa\u00e7on de se d\u00e9fier au travers d\u2019une course de 17,5 km sur des terrains techniques et vari\u00e9s, peut-\u00eatre pour un premier trail ou tout simplement pour le plaisir.<\/p>\r\n\r\n\r\n\r\n<p>Le d\u00e9part de la Trois-Ponts sera donn\u00e9 \u00e0 12.45 hrs et vous aurez 4h pour arriver \u00e0 Trois-Ponts au bout des 17,5 km de course.<\/p>\r\n\r\n\r\n\r\n<div class=\"wp-block-columns is-layout-flex wp-container-core-columns-is-layout-9d6595d7 wp-block-columns-is-layout-flex\">\r\n<div class=\"wp-block-column is-layout-flow wp-block-column-is-layout-flow\">\r\n<p><a rel=\"noreferrer noopener\" aria-label=\"%s (opens in a new tab)\" class=\"button primary inscription\" href=\"https:\/\/prod.chronorace.be\/registration\/SelectActivity.aspx?eventId=2156889626476507&amp;lng=FR&amp;hash=hY8IeQvKS-xDuUMlDjNKWDwC2tw\" target=\"_blank\">Inscriptions<\/a><\/p>\r\n<\/div>\r\n\r\n\r\n\r\n<div class=\"wp-block-column is-layout-flow wp-block-column-is-layout-flow\">\r\n<p><a class=\"button primary inscription\" href=\"https:\/\/tracedetrail.fr\/fr\/trace\/285762\" target=\"_blank\" rel=\"noreferrer noopener\" aria-label=\"%s (opens in a new tab)\">Parcours<\/a><\/p>\r\n<\/div>\r\n\r\n\r\n\r\n<div class=\"wp-block-column is-layout-flow wp-block-column-is-layout-flow\">\r\n<p><a class=\"button primary inscription\" href=\"https:\/\/utds.be\/event\/sites\/default\/files\/utds_18K_2025.gpx\" target=\"_blank\" rel=\"noreferrer noopener\" aria-label=\"%s (opens in a new tab)\">GPX<\/a><\/p>\r\n<\/div>\r\n<\/div>\r\n<\/div>\r\n\r\n\r\n\r\n<div class=\"wp-block-column is-vertically-aligned-top colum-logo-top is-layout-flow wp-block-column-is-layout-flow\" style=\"flex-basis:50%\"><\/div>\r\n<\/div>\r\n\r\n\r\n\r\n<div class=\"wp-block-columns is-layout-flex wp-container-core-columns-is-layout-9d6595d7 wp-block-columns-is-layout-flex\">\r\n<div class=\"wp-block-column is-layout-flow wp-block-column-is-layout-flow\">\r\n<h2 class=\"wp-block-heading\" id=\"team\">TRAIL<span class=\"color-primary\">4<\/span>TEAM &gt; Annul\u00e9<\/h2>\r\n\r\n\r\n\r\n<p>C'est avec grand regret que nous devons vous annoncer que cette course course n'aura pas lieu cette ann\u00e9e.<\/p>\r\n\r\n\r\n\r\n<div class=\"wp-block-columns is-layout-flex wp-container-core-columns-is-layout-9d6595d7 wp-block-columns-is-layout-flex\">\r\n<div class=\"wp-block-column is-layout-flow wp-block-column-is-layout-flow\">\r\n<p><a rel=\"noreferrer noopener\" aria-label=\"%s (opens in a new tab)\" class=\"button primary inscription\" href=\"https:\/\/prod.chronorace.be\/registration\/SelectActivity.aspx?eventId=2156889626476507&amp;lng=FR&amp;hash=hY8IeQvKS-xDuUMlDjNKWDwC2tw\" target=\"_blank\">Inscriptions<\/a><\/p>\r\n<\/div>\r\n\r\n\r\n\r\n<div class=\"wp-block-column is-layout-flow wp-block-column-is-layout-flow\">\r\n<p><a class=\"button primary inscription\" href=\"https:\/\/tracedetrail.fr\/fr\/trace\/285767\" target=\"_blank\" rel=\"noreferrer noopener\" aria-label=\"%s (opens in a new tab)\">Parcours<\/a><\/p>\r\n<\/div>\r\n\r\n\r\n\r\n<div class=\"wp-block-column is-layout-flow wp-block-column-is-layout-flow\">\r\n<p><a class=\"button primary inscription\" href=\"https:\/\/utds.be\/event\/sites\/default\/files\/utds_80k_2025.gpx\" target=\"_blank\" rel=\"noreferrer noopener\" aria-label=\"%s (opens in a new tab)\">GPX<\/a><\/p>\r\n<\/div>\r\n<\/div>\r\n<\/div>\r\n\r\n\r\n\r\n<div class=\"wp-block-column is-vertically-aligned-top colum-logo-top is-layout-flow wp-block-column-is-layout-flow\"><\/div>\r\n<\/div>\r\n","protected":false},"excerpt":{"rendered":"<p>L\u2019Ultra Trail des Sources (UTDS\u00ae) comprend une course solo de format marathon (42 KM et 1250 m D+), au d\u00e9part de la Chefna, certifi\u00e9e par l\u2019ITRA. Parcourant l\u2019Est de la Belgique, ce trac\u00e9 relie les 5 communes de la Province de Li\u00e8ge impliqu\u00e9es dans le r\u00e9seau EXTRATRAIL (Spa, Stoumont, Theux &amp; Trois-Ponts). Cette course est [&hellip;]<\/p>\n","protected":false},"author":1,"featured_media":55,"parent":0,"menu_order":0,"comment_status":"closed","ping_status":"closed","template":"","meta":{"footnotes":""},"class_list":["post-56","page","type-page","status-publish","has-post-thumbnail","hentry"],"_links":{"self":[{"href":"https:\/\/utds.leyeti.be\/index.php\/wp-json\/wp\/v2\/pages\/56","targetHints":{"allow":["GET"]}}],"collection":[{"href":"https:\/\/utds.leyeti.be\/index.php\/wp-json\/wp\/v2\/pages"}],"about":[{"href":"https:\/\/utds.leyeti.be\/index.php\/wp-json\/wp\/v2\/types\/page"}],"author":[{"embeddable":true,"href":"https:\/\/utds.leyeti.be\/index.php\/wp-json\/wp\/v2\/users\/1"}],"replies":[{"embeddable":true,"href":"https:\/\/utds.leyeti.be\/index.php\/wp-json\/wp\/v2\/comments?post=56"}],"version-history":[{"count":0,"href":"https:\/\/utds.leyeti.be\/index.php\/wp-json\/wp\/v2\/pages\/56\/revisions"}],"wp:featuredmedia":[{"embeddable":true,"href":"https:\/\/utds.leyeti.be\/index.php\/wp-json\/wp\/v2\/media\/55"}],"wp:attachment":[{"href":"https:\/\/utds.leyeti.be\/index.php\/wp-json\/wp\/v2\/media?parent=56"}],"curies":[{"name":"wp","href":"https:\/\/api.w.org\/{rel}","templated":true}]}}